{"id":159,"date":"2023-06-05T21:04:13","date_gmt":"2023-06-05T19:04:13","guid":{"rendered":"https:\/\/dobrzemowisz.pl\/?page_id=159"},"modified":"2023-06-05T21:04:14","modified_gmt":"2023-06-05T19:04:14","slug":"masaz-kobido","status":"publish","type":"page","link":"https:\/\/dobrzemowisz.pl\/index.php\/masaz-kobido\/","title":{"rendered":"Masa\u017c KOBIDO"},"content":{"rendered":"\n<p>Serdecznie zapraszam na masa\u017c Kobido<br>Jest to relaksacyjno-rozlu\u017aniaj\u0105cy masa\u017c twarzy, ale tak\u017ce g\u0142owy i szyi.<br>Wieloletnie do\u015bwiadczenie w zawodzie logopedy pozwoli\u0142o mi dok\u0142adnie zg\u0142\u0119bi\u0107 w praktyce prac\u0119 z mi\u0119\u015bniami tego obszaru cia\u0142a i przerodzi\u0142o si\u0119 w pasj\u0119. Zwie\u0144czeniem tego s\u0105 uko\u0144czone profesjonalne kursy pozwalaj\u0105ce mi zadba\u0107 o\u00a0zdrowie, relaks oraz urod\u0119 klientek i klient\u00f3w<\/p>\n\n\n\n<figure class=\"wp-block-image size-full is-resized\"><img loading=\"lazy\" decoding=\"async\" src=\"https:\/\/dobrzemowisz.pl\/wp-content\/uploads\/2023\/06\/cennik.jpg\" alt=\"\" class=\"wp-image-164\" width=\"731\" height=\"329\" srcset=\"https:\/\/dobrzemowisz.pl\/wp-content\/uploads\/2023\/06\/cennik.jpg 718w, https:\/\/dobrzemowisz.pl\/wp-content\/uploads\/2023\/06\/cennik-300x135.jpg 300w, https:\/\/dobrzemowisz.pl\/wp-content\/uploads\/2023\/06\/cennik-500x225.jpg 500w\" sizes=\"auto, (max-width: 731px) 100vw, 731px\" \/><\/figure>\n\n\n\n<figure class=\"wp-block-image size-full is-resized\"><img loading=\"lazy\" decoding=\"async\" src=\"https:\/\/dobrzemowisz.pl\/wp-content\/uploads\/2023\/06\/1.jpg\" alt=\"\" class=\"wp-image-165\" width=\"730\" height=\"355\" srcset=\"https:\/\/dobrzemowisz.pl\/wp-content\/uploads\/2023\/06\/1.jpg 673w, https:\/\/dobrzemowisz.pl\/wp-content\/uploads\/2023\/06\/1-300x146.jpg 300w, https:\/\/dobrzemowisz.pl\/wp-content\/uploads\/2023\/06\/1-500x243.jpg 500w\" sizes=\"auto, (max-width: 730px) 100vw, 730px\" \/><\/figure>\n\n\n\n<figure class=\"wp-block-image size-full is-resized\"><img loading=\"lazy\" decoding=\"async\" src=\"https:\/\/dobrzemowisz.pl\/wp-content\/uploads\/2023\/06\/6.jpg\" alt=\"\" class=\"wp-image-169\" width=\"700\" height=\"482\" srcset=\"https:\/\/dobrzemowisz.pl\/wp-content\/uploads\/2023\/06\/6.jpg 611w, https:\/\/dobrzemowisz.pl\/wp-content\/uploads\/2023\/06\/6-300x207.jpg 300w, https:\/\/dobrzemowisz.pl\/wp-content\/uploads\/2023\/06\/6-434x300.jpg 434w\" sizes=\"auto, (max-width: 700px) 100vw, 700px\" \/><\/figure>\n\n\n\n<figure class=\"wp-block-image size-full is-resized\"><img loading=\"lazy\" decoding=\"async\" src=\"https:\/\/dobrzemowisz.pl\/wp-content\/uploads\/2023\/06\/7.jpg\" alt=\"\" class=\"wp-image-170\" width=\"652\" height=\"398\" srcset=\"https:\/\/dobrzemowisz.pl\/wp-content\/uploads\/2023\/06\/7.jpg 556w, https:\/\/dobrzemowisz.pl\/wp-content\/uploads\/2023\/06\/7-300x183.jpg 300w, https:\/\/dobrzemowisz.pl\/wp-content\/uploads\/2023\/06\/7-491x300.jpg 491w\" sizes=\"auto, (max-width: 652px) 100vw, 652px\" \/><\/figure>\n\n\n\n<figure class=\"wp-block-image size-full is-resized\"><img loading=\"lazy\" decoding=\"async\" src=\"https:\/\/dobrzemowisz.pl\/wp-content\/uploads\/2023\/06\/2.jpg\" alt=\"\" class=\"wp-image-166\" width=\"708\" height=\"274\" srcset=\"https:\/\/dobrzemowisz.pl\/wp-content\/uploads\/2023\/06\/2.jpg 633w, https:\/\/dobrzemowisz.pl\/wp-content\/uploads\/2023\/06\/2-300x116.jpg 300w, https:\/\/dobrzemowisz.pl\/wp-content\/uploads\/2023\/06\/2-500x194.jpg 500w\" sizes=\"auto, (max-width: 708px) 100vw, 708px\" \/><\/figure>\n\n\n\n<figure class=\"wp-block-image size-full is-resized\"><img loading=\"lazy\" decoding=\"async\" src=\"https:\/\/dobrzemowisz.pl\/wp-content\/uploads\/2023\/06\/4.jpg\" alt=\"\" class=\"wp-image-167\" width=\"683\" height=\"568\" srcset=\"https:\/\/dobrzemowisz.pl\/wp-content\/uploads\/2023\/06\/4.jpg 588w, https:\/\/dobrzemowisz.pl\/wp-content\/uploads\/2023\/06\/4-300x250.jpg 300w, https:\/\/dobrzemowisz.pl\/wp-content\/uploads\/2023\/06\/4-360x300.jpg 360w\" sizes=\"auto, (max-width: 683px) 100vw, 683px\" \/><\/figure>\n\n\n\n<figure class=\"wp-block-image size-full is-resized\"><img loading=\"lazy\" decoding=\"async\" src=\"https:\/\/dobrzemowisz.pl\/wp-content\/uploads\/2023\/06\/5.jpg\" alt=\"\" class=\"wp-image-168\" width=\"683\" height=\"292\" srcset=\"https:\/\/dobrzemowisz.pl\/wp-content\/uploads\/2023\/06\/5.jpg 578w, https:\/\/dobrzemowisz.pl\/wp-content\/uploads\/2023\/06\/5-300x128.jpg 300w, https:\/\/dobrzemowisz.pl\/wp-content\/uploads\/2023\/06\/5-500x213.jpg 500w\" sizes=\"auto, (max-width: 683px) 100vw, 683px\" \/><\/figure>\n","protected":false},"excerpt":{"rendered":"<p>Serdecznie zapraszam na masa\u017c KobidoJest to relaksacyjno-rozlu\u017aniaj\u0105cy masa\u017c twarzy, ale tak\u017ce g\u0142owy i szyi.Wieloletnie do\u015bwiadczenie w zawodzie logopedy pozwoli\u0142o mi dok\u0142adnie zg\u0142\u0119bi\u0107 w praktyce prac\u0119 z mi\u0119\u015bniami tego obszaru cia\u0142a i przerodzi\u0142o si\u0119 w pasj\u0119. Zwie\u0144czeniem tego s\u0105 uko\u0144czone profesjonalne &hellip; <a href=\"https:\/\/dobrzemowisz.pl\/index.php\/masaz-kobido\/\">Czytaj dalej <span class=\"meta-nav\">&rarr;<\/span><\/a><\/p>\n","protected":false},"author":2,"featured_media":0,"parent":0,"menu_order":0,"comment_status":"closed","ping_status":"closed","template":"","meta":{"footnotes":""},"class_list":["post-159","page","type-page","status-publish","hentry"],"yoast_head":"<!-- This site is optimized with the Yoast SEO plugin v27.1.1 - https:\/\/yoast.com\/product\/yoast-seo-wordpress\/ -->\n<title>Masa\u017c KOBIDO - Dobrze M\u00f3wisz<\/title>\n<meta name=\"robots\" content=\"index, follow, max-snippet:-1, max-image-preview:large, max-video-preview:-1\" \/>\n<link rel=\"canonical\" href=\"https:\/\/dobrzemowisz.pl\/index.php\/masaz-kobido\/\" \/>\n<meta property=\"og:locale\" content=\"pl_PL\" \/>\n<meta property=\"og:type\" content=\"article\" \/>\n<meta property=\"og:title\" content=\"Masa\u017c KOBIDO - Dobrze M\u00f3wisz\" \/>\n<meta property=\"og:description\" content=\"Serdecznie zapraszam na masa\u017c KobidoJest to relaksacyjno-rozlu\u017aniaj\u0105cy masa\u017c twarzy, ale tak\u017ce g\u0142owy i szyi.Wieloletnie do\u015bwiadczenie w zawodzie logopedy pozwoli\u0142o mi dok\u0142adnie zg\u0142\u0119bi\u0107 w praktyce prac\u0119 z mi\u0119\u015bniami tego obszaru cia\u0142a i przerodzi\u0142o si\u0119 w pasj\u0119. Zwie\u0144czeniem tego s\u0105 uko\u0144czone profesjonalne &hellip; Czytaj dalej &rarr;\" \/>\n<meta property=\"og:url\" content=\"https:\/\/dobrzemowisz.pl\/index.php\/masaz-kobido\/\" \/>\n<meta property=\"og:site_name\" content=\"Dobrze M\u00f3wisz\" \/>\n<meta property=\"article:modified_time\" content=\"2023-06-05T19:04:14+00:00\" \/>\n<meta property=\"og:image\" content=\"https:\/\/dobrzemowisz.pl\/wp-content\/uploads\/2023\/06\/cennik.jpg\" \/>\n<meta name=\"twitter:card\" content=\"summary_large_image\" \/>\n<script type=\"application\/ld+json\" class=\"yoast-schema-graph\">{\"@context\":\"https:\/\/schema.org\",\"@graph\":[{\"@type\":\"WebPage\",\"@id\":\"https:\/\/dobrzemowisz.pl\/index.php\/masaz-kobido\/\",\"url\":\"https:\/\/dobrzemowisz.pl\/index.php\/masaz-kobido\/\",\"name\":\"Masa\u017c KOBIDO - Dobrze M\u00f3wisz\",\"isPartOf\":{\"@id\":\"https:\/\/dobrzemowisz.pl\/#website\"},\"primaryImageOfPage\":{\"@id\":\"https:\/\/dobrzemowisz.pl\/index.php\/masaz-kobido\/#primaryimage\"},\"image\":{\"@id\":\"https:\/\/dobrzemowisz.pl\/index.php\/masaz-kobido\/#primaryimage\"},\"thumbnailUrl\":\"https:\/\/dobrzemowisz.pl\/wp-content\/uploads\/2023\/06\/cennik.jpg\",\"datePublished\":\"2023-06-05T19:04:13+00:00\",\"dateModified\":\"2023-06-05T19:04:14+00:00\",\"breadcrumb\":{\"@id\":\"https:\/\/dobrzemowisz.pl\/index.php\/masaz-kobido\/#breadcrumb\"},\"inLanguage\":\"pl-PL\",\"potentialAction\":[{\"@type\":\"ReadAction\",\"target\":[\"https:\/\/dobrzemowisz.pl\/index.php\/masaz-kobido\/\"]}]},{\"@type\":\"ImageObject\",\"inLanguage\":\"pl-PL\",\"@id\":\"https:\/\/dobrzemowisz.pl\/index.php\/masaz-kobido\/#primaryimage\",\"url\":\"https:\/\/dobrzemowisz.pl\/wp-content\/uploads\/2023\/06\/cennik.jpg\",\"contentUrl\":\"https:\/\/dobrzemowisz.pl\/wp-content\/uploads\/2023\/06\/cennik.jpg\",\"width\":718,\"height\":323},{\"@type\":\"BreadcrumbList\",\"@id\":\"https:\/\/dobrzemowisz.pl\/index.php\/masaz-kobido\/#breadcrumb\",\"itemListElement\":[{\"@type\":\"ListItem\",\"position\":1,\"name\":\"Strona g\u0142\u00f3wna\",\"item\":\"https:\/\/dobrzemowisz.pl\/\"},{\"@type\":\"ListItem\",\"position\":2,\"name\":\"Masa\u017c KOBIDO\"}]},{\"@type\":\"WebSite\",\"@id\":\"https:\/\/dobrzemowisz.pl\/#website\",\"url\":\"https:\/\/dobrzemowisz.pl\/\",\"name\":\"Dobrze M\u00f3wisz\",\"description\":\"S\u0142uch i Mowa Logopeda\",\"publisher\":{\"@id\":\"https:\/\/dobrzemowisz.pl\/#organization\"},\"potentialAction\":[{\"@type\":\"SearchAction\",\"target\":{\"@type\":\"EntryPoint\",\"urlTemplate\":\"https:\/\/dobrzemowisz.pl\/?s={search_term_string}\"},\"query-input\":{\"@type\":\"PropertyValueSpecification\",\"valueRequired\":true,\"valueName\":\"search_term_string\"}}],\"inLanguage\":\"pl-PL\"},{\"@type\":\"Organization\",\"@id\":\"https:\/\/dobrzemowisz.pl\/#organization\",\"name\":\"Dobrze M\u00f3wisz Anna Bieniak, Logopeda S\u0142uch i Mowa.\",\"url\":\"https:\/\/dobrzemowisz.pl\/\",\"logo\":{\"@type\":\"ImageObject\",\"inLanguage\":\"pl-PL\",\"@id\":\"https:\/\/dobrzemowisz.pl\/#\/schema\/logo\/image\/\",\"url\":\"https:\/\/dobrzemowisz.pl\/wp-content\/uploads\/2021\/09\/Logo_gotowe-2.jpg\",\"contentUrl\":\"https:\/\/dobrzemowisz.pl\/wp-content\/uploads\/2021\/09\/Logo_gotowe-2.jpg\",\"width\":497,\"height\":488,\"caption\":\"Dobrze M\u00f3wisz Anna Bieniak, Logopeda S\u0142uch i Mowa.\"},\"image\":{\"@id\":\"https:\/\/dobrzemowisz.pl\/#\/schema\/logo\/image\/\"}}]}<\/script>\n<!-- \/ Yoast SEO plugin. -->","yoast_head_json":{"title":"Masa\u017c KOBIDO - Dobrze M\u00f3wisz","robots":{"index":"index","follow":"follow","max-snippet":"max-snippet:-1","max-image-preview":"max-image-preview:large","max-video-preview":"max-video-preview:-1"},"canonical":"https:\/\/dobrzemowisz.pl\/index.php\/masaz-kobido\/","og_locale":"pl_PL","og_type":"article","og_title":"Masa\u017c KOBIDO - Dobrze M\u00f3wisz","og_description":"Serdecznie zapraszam na masa\u017c KobidoJest to relaksacyjno-rozlu\u017aniaj\u0105cy masa\u017c twarzy, ale tak\u017ce g\u0142owy i szyi.Wieloletnie do\u015bwiadczenie w zawodzie logopedy pozwoli\u0142o mi dok\u0142adnie zg\u0142\u0119bi\u0107 w praktyce prac\u0119 z mi\u0119\u015bniami tego obszaru cia\u0142a i przerodzi\u0142o si\u0119 w pasj\u0119. Zwie\u0144czeniem tego s\u0105 uko\u0144czone profesjonalne &hellip; Czytaj dalej &rarr;","og_url":"https:\/\/dobrzemowisz.pl\/index.php\/masaz-kobido\/","og_site_name":"Dobrze M\u00f3wisz","article_modified_time":"2023-06-05T19:04:14+00:00","og_image":[{"url":"https:\/\/dobrzemowisz.pl\/wp-content\/uploads\/2023\/06\/cennik.jpg","type":"","width":"","height":""}],"twitter_card":"summary_large_image","schema":{"@context":"https:\/\/schema.org","@graph":[{"@type":"WebPage","@id":"https:\/\/dobrzemowisz.pl\/index.php\/masaz-kobido\/","url":"https:\/\/dobrzemowisz.pl\/index.php\/masaz-kobido\/","name":"Masa\u017c KOBIDO - Dobrze M\u00f3wisz","isPartOf":{"@id":"https:\/\/dobrzemowisz.pl\/#website"},"primaryImageOfPage":{"@id":"https:\/\/dobrzemowisz.pl\/index.php\/masaz-kobido\/#primaryimage"},"image":{"@id":"https:\/\/dobrzemowisz.pl\/index.php\/masaz-kobido\/#primaryimage"},"thumbnailUrl":"https:\/\/dobrzemowisz.pl\/wp-content\/uploads\/2023\/06\/cennik.jpg","datePublished":"2023-06-05T19:04:13+00:00","dateModified":"2023-06-05T19:04:14+00:00","breadcrumb":{"@id":"https:\/\/dobrzemowisz.pl\/index.php\/masaz-kobido\/#breadcrumb"},"inLanguage":"pl-PL","potentialAction":[{"@type":"ReadAction","target":["https:\/\/dobrzemowisz.pl\/index.php\/masaz-kobido\/"]}]},{"@type":"ImageObject","inLanguage":"pl-PL","@id":"https:\/\/dobrzemowisz.pl\/index.php\/masaz-kobido\/#primaryimage","url":"https:\/\/dobrzemowisz.pl\/wp-content\/uploads\/2023\/06\/cennik.jpg","contentUrl":"https:\/\/dobrzemowisz.pl\/wp-content\/uploads\/2023\/06\/cennik.jpg","width":718,"height":323},{"@type":"BreadcrumbList","@id":"https:\/\/dobrzemowisz.pl\/index.php\/masaz-kobido\/#breadcrumb","itemListElement":[{"@type":"ListItem","position":1,"name":"Strona g\u0142\u00f3wna","item":"https:\/\/dobrzemowisz.pl\/"},{"@type":"ListItem","position":2,"name":"Masa\u017c KOBIDO"}]},{"@type":"WebSite","@id":"https:\/\/dobrzemowisz.pl\/#website","url":"https:\/\/dobrzemowisz.pl\/","name":"Dobrze M\u00f3wisz","description":"S\u0142uch i Mowa Logopeda","publisher":{"@id":"https:\/\/dobrzemowisz.pl\/#organization"},"potentialAction":[{"@type":"SearchAction","target":{"@type":"EntryPoint","urlTemplate":"https:\/\/dobrzemowisz.pl\/?s={search_term_string}"},"query-input":{"@type":"PropertyValueSpecification","valueRequired":true,"valueName":"search_term_string"}}],"inLanguage":"pl-PL"},{"@type":"Organization","@id":"https:\/\/dobrzemowisz.pl\/#organization","name":"Dobrze M\u00f3wisz Anna Bieniak, Logopeda S\u0142uch i Mowa.","url":"https:\/\/dobrzemowisz.pl\/","logo":{"@type":"ImageObject","inLanguage":"pl-PL","@id":"https:\/\/dobrzemowisz.pl\/#\/schema\/logo\/image\/","url":"https:\/\/dobrzemowisz.pl\/wp-content\/uploads\/2021\/09\/Logo_gotowe-2.jpg","contentUrl":"https:\/\/dobrzemowisz.pl\/wp-content\/uploads\/2021\/09\/Logo_gotowe-2.jpg","width":497,"height":488,"caption":"Dobrze M\u00f3wisz Anna Bieniak, Logopeda S\u0142uch i Mowa."},"image":{"@id":"https:\/\/dobrzemowisz.pl\/#\/schema\/logo\/image\/"}}]}},"_links":{"self":[{"href":"https:\/\/dobrzemowisz.pl\/index.php\/wp-json\/wp\/v2\/pages\/159","targetHints":{"allow":["GET"]}}],"collection":[{"href":"https:\/\/dobrzemowisz.pl\/index.php\/wp-json\/wp\/v2\/pages"}],"about":[{"href":"https:\/\/dobrzemowisz.pl\/index.php\/wp-json\/wp\/v2\/types\/page"}],"author":[{"embeddable":true,"href":"https:\/\/dobrzemowisz.pl\/index.php\/wp-json\/wp\/v2\/users\/2"}],"replies":[{"embeddable":true,"href":"https:\/\/dobrzemowisz.pl\/index.php\/wp-json\/wp\/v2\/comments?post=159"}],"version-history":[{"count":4,"href":"https:\/\/dobrzemowisz.pl\/index.php\/wp-json\/wp\/v2\/pages\/159\/revisions"}],"predecessor-version":[{"id":172,"href":"https:\/\/dobrzemowisz.pl\/index.php\/wp-json\/wp\/v2\/pages\/159\/revisions\/172"}],"wp:attachment":[{"href":"https:\/\/dobrzemowisz.pl\/index.php\/wp-json\/wp\/v2\/media?parent=159"}],"curies":[{"name":"wp","href":"https:\/\/api.w.org\/{rel}","templated":true}]}}